t t(f) = f. Let g be t(2). Calculate the greatest common factor of o and g.
2
Let b(j) be the third derivative of j**6/120 - j**5/6 + 13*j**4/24 - 2*j**2. Let p be b(9). What is the highest common factor of 54 and p?
18
Let w = 71 + -32. Let c(j) be the first derivative of j**4/4 + 2*j**3 - j**2/2 - 4*j + 6. Let p be c(-5). Calculate the greatest common divisor of p and w.
13
Let c = 47 - 24. Calculate the greatest common divisor of c and 253.
23
Suppose 7 = 2*m + 3*w, 0*m + 5*w = m - 23. Let q = -4 - -1. Let d be q*(m/6 - 2). Calculate the greatest common factor of 2 and d.
2
Let p(a) = -14*a - 32. Let k be p(-7). Calculate the highest common factor of 44 and k.
22
Suppose -2*j + 3*j + 41 = 2*m, 3*j = -3. What is the greatest common divisor of m and 30?
10
Let x(g) = g**2 + g - 2. Let u be x(-5). Let a be 5552/36 - 4/u. Let w = 16 - 2. What is the greatest common factor of w and a?
14
Let u(h) = -h + 2. Let i be u(-7). What is the greatest common factor of 3 and i?
3
Let w be (-24)/(-5) - 1/(-5). Suppose -4*r - p = -w, -5*r - 4*p + 0*p = 2. Let i be (-792)/(-28) - r/7. What is the highest common factor of i and 7?
7
Let q(t) = -13*t - 3. Let g be q(-4). Suppose -19 - 16 = -5*u. Calculate the highest common factor of g and u.
7
Let i be 5 - (2 + -3 - -2). Let c = i - -3. What is the highest common factor of 63 and c?
7
Suppose -3*i - 24 = -3*w, 0 = -i - 4*i + 10. What is the greatest common divisor of 50 and w?
10
Suppose 8 = 2*h, 5*c + h = 4*c + 6. Suppose -c*i + 4*i - 176 = 0. Suppose 64 = 5*o - 3*x, 0*o + 13 = 2*o + 3*x. What is the highest common factor of i and o?
11
Let r(n) = n**2 + 4*n - 1. Let j be r(7). Calculate the highest common factor of 19 and j.
19
Let d(l) = -211*l**2 - 1. Let f be d(1). Let z be 4/(-14) - f/7. Suppose 0 = -4*q + z + 18. Calculate the highest common divisor of 30 and q.
6
Let i(c) = c**3 + 7*c**2 + 10. Let j be i(-7). Let g(d) = d - 2. Let h be g(3). What is the greatest common divisor of h and j?
1
Let j(z) = 2*z**3 - 8*z**2 - z + 2. Let s be j(6). Suppose 2*r + u = 5*u + s, -r + 70 = -3*u. What is the highest common divisor of r and 14?
14
Let s(r) = r**3 + 3*r**2 + 6*r - 6. Let u be s(-5). Let n be -2*(345/10 - 5). Let m = n - u. Calculate the highest common factor of m and 9.
9
Suppose -x = 3*x. Suppose x = a + 4*c - 7, -c - 4 = 5*a - 39. Let t(w) = 2*w**2 - 8*w - 10. Let z be t(a). What is the greatest common factor of 80 and z?
16
Suppose 3*i = -i + 320. Let v(b) = -b**2 - b - 39. Let t be v(0). Let d = t + 71. What is the highest common factor of d and i?
16
Let o be (1*-2)/(-2) - -89. Let v(r) = -3*r - 10. Let u be v(-5). Suppose -2*c = u*h - 88, 2*h - c = c + 38. What is the highest common factor of h and o?
18
Let j = -2 - 2. Let t be j/(-18) + 352/36. Calculate the greatest common divisor of t and 30.
10
Suppose -r - 3 = -4*r. Calculate the highest common divisor of 3 and r.
1
Let g(t) = -4*t**2 - 35*t - 33. Let s(v) = v**2 + 9*v + 8. Let q(h) = -2*g(h) - 9*s(h). Let o be q(-6). Calculate the greatest common divisor of o and 36.
12
Let p be (-12 + 11)*(1 - 27). Calculate the greatest common factor of 65 and p.
13
Suppose -22 = -2*l - 0*l. Let w(p) = -p**2 + 15*p + 4. Let v be w(l). Calculate the greatest common divisor of v and 6.
6
Let y = -8 + 34. Calculate the highest common divisor of y and 13.
13
Let r = 34 + -30. What is the highest common divisor of 88 and r?
4
Let u be (-2)/(-10) + (-838)/(-10). Calculate the greatest common divisor of u and 48.
12
Suppose 0 = 3*c + 2*c - 2*t - 105, -3*t - 15 = 0. Calculate the greatest common divisor of c and 133.
19
Suppose -f - 4*v + 10 = 0, -3*v = -f - 5*v + 8. Calculate the greatest common divisor of 4 and f.
2
Let q = 378 - 114. What is the greatest common divisor of 24 and q?
24
Let r be (-6)/39 - 76/13. Let w be (-36)/(-21)*(1 - r). Calculate the highest common factor of w and 12.
12
Suppose -2*o + 19 = 3*p, p - 25 = o + 3*o. Calculate the greatest common factor of p and 18.
9
Let f be (-1 - -3) + 251 + -1 + 0. Calculate the highest common factor of 28 and f.
28
Suppose -3*o - 92 = -7*o. Let g = o - 14. What is the highest common factor of g and 9?
9
Suppose 4*o - 82 = -3*t, 3*o = 5*t - 0*o - 156. Let a = 5 - -7. What is the highest common divisor of a and t?
6
Let i = 17 + -14. Let m = 1 + 2. What is the highest common factor of i and m?
3
Let k(p) = 3 + 16*p - 3. Suppose -3*r + 0*r + 6 = 0. Let b be k(r). Calculate the greatest common divisor of 4 and b.
4
Suppose -5*c = -2*h - 4*c + 19, -3*h - 5*c + 48 = 0. Calculate the highest common factor of h and 44.
11
Let z(l) = 35*l**2. Let c be z(1). Calculate the greatest common divisor of 10 and c.
5
Let w(d) = -d**2 + 18*d - 5. Let s be w(13). What is the greatest common divisor of 15 and s?
15
Let x be 0 + 17/(5 + -4). Let u be 334 + 2/2 + 1. Suppose -8*q + 4*h + u = -3*q, -4*q - 5*h = -277. What is the highest common divisor of q and x?
17
Suppose 0*h + 2*h + 2 = 0. Let v be 1*2 - 14/h. What is the greatest common divisor of 4 and v?
4
Let r = -19 + 22. Calculate the greatest common divisor of 3 and r.
3
Let k(h) = -13*h**2 + 4*h - 6 - h - 2*h + 14*h**2. Let o be k(-5). Calculate the greatest common factor of o and 140.
14
Suppose 0 = 11*b - 9*b - 32. Suppose -3*v = -v, -4*v + b = q. What is the highest common divisor of 4 and q?
4
Let a = 256 - -30. Let y be a/12 - (-5)/30. What is the highest common factor of 36 and y?
12
Suppose 4*n - 3 - 5 = 0. Suppose 5*g - 10 = -0. What is the greatest common divisor of g and n?
2
Suppose h + 248 = -3*h. Let i = 110 + h. Let d = -25 + 57. What is the greatest common factor of i and d?
16
Let y(j) = -53*j + 1. Let w = 0 - 1. Let b be y(w). Let h(o) = -o**2 - 6*o - 2. Let n be h(-4). What is the highest common divisor of n and b?
6
Suppose -t + 1 = -0*t. Let o be (102/15)/(t/(-5)). Let w = -24 - o. What is the greatest common divisor of 4 and w?
2
Suppose 3*p = -3*p + 42. Calculate the greatest common divisor of 42 and p.
7
Let q(z) = -z**3 + 8*z**2 + 9*z + 5. Let f be q(9). Suppose -2*p = -2*w - 26, f*p = 2*w + 39 + 35. What is the highest common divisor of p and 24?
8
Suppose 16*l - 840 = 8*l. Calculate the highest common divisor of l and 15.
15
Let a be 10/25 - 598/(-5). Calculate the greatest common factor of a and 40.
40
Suppose -2*u + 6*u + 12 = 0, -3*g + 333 = -3*u. What is the highest common divisor of 12 and g?
12
Let z be 18*(-3)/(-4)*2. Suppose 36 = -2*h + 6*h. What is the highest common divisor of z and h?
9
Let y be (-4)/(-6) - 118/6. Suppose -4*o + 2*o = -62. Let g = o + y. What is the greatest common divisor of 60 and g?
12
Suppose -2*j = -5*j - 9, 2*c + 18 = 2*j. Let z = c - -22. Calculate the highest common factor of 70 and z.
10
Suppose -10 = 3*u - 4*u. Suppose 3*a - 2*a = -u. Let s be 2/(-10) + (-162)/a. What is the greatest common factor of s and 24?
8
Let y = 29 + 27. What is the highest common factor of 7 and y?
7
Suppose -4*m = m, 0 = q + 5*m - 108. What is the greatest common factor of q and 12?
12
Let l(h) = 5*h - 1. Let s be l(-1). Let c be s/27 - 3219/(-27). What is the greatest common divisor of c and 17?
17
Let l(f) = f**2 - 8*f + 10. Let v be l(7). Let w(n) = n**2 - n + 3. Let k be w(v). Let t be (-1 - 5)*(-15)/2. What is the highest common factor of t and k?
9
Suppose 0 = -2*t - 3*t + 15. Suppose -t*h = 25 - 10, -4*z - 2*h = -22. Calculate the highest common divisor of z and 8.
8
Let z(f) be the first derivative of 3*f**2 + 1 - 6*f + 2*f - 3. Let y be z(6). Calculate the highest common factor of 48 and y.
16
Let g be -3 - -1 - (20 + 3). Let w = -1 - g. What is the greatest common factor of 60 and w?
12
Let n(r) = r**2 + 8*r + 5. Let h be n(-7). Let x be 6/(-2) - 198/h. Suppose q - 5*q = -x. What is the greatest common factor of 8 and q?
8
Let t(i) = i**3 + 15*i**2 + 12*i - 9. Let y = -45 + 31. Let j be t(y). Calculate the highest common divisor of 152 and j.
19
Let w(o) = -o**2 - 3*o + 6. Let y be w(-5). Let t be (-1)/y - (-395)/4. Suppose -7 = 5*p - 62. What is the highest common factor of t and p?
11
Suppose -4*a = 4*h - 0*h - 208, 2*h - 105 = -3*a. Calculate the greatest common divisor of 17 and h.
17
Let v = 16 + -14. Calculate the greatest common divisor of v and 2.
2
Let r(b) = -b**3 - 4*b**2 - 5*b - 2. Let n be r(-3). Su